e tens digit of o?
7
Let v(h) = h - 7. Let f be v(7). Suppose 2*z - 5*z = f. Suppose -3 - 7 = -2*g, -m - 5*g + 30 = z. What is the units digit of m?
5
Suppose 4*u - 9*p - 3140 = -13*p, 2*u - 2*p = 1590. What is the hundreds digit of u?
7
Let k(z) = -z**3 - 4*z**2 + z. Let d(s) = s**3 + 3*s**2. Let u(r) = 2*d(r) + 3*k(r). Let f = 8 - 15. What is the tens digit of u(f)?
2
What is the units digit of (-603)/(-10) + 18/(-60)?
0
Let w(j) = 3*j**3 - 16*j**2 - 54*j + 35. Let i(b) = -b**3 + 5*b**2 + 18*b - 12. Let f(o) = -17*i(o) - 6*w(o). What is the tens digit of f(12)?
6
Let x be ((-32)/(-5))/((-2)/(-10)). Let z = x - 24. What is the units digit of z?
8
Let t(q) = q + 5. Let n be t(6). Suppose 5*v - 31 = -2*z + 38, -2*v + 32 = 3*z. Let y = v + n. What is the units digit of y?
4
Let x(k) be the third derivative of 7/24*k**4 - 1/3*k**3 - 1/60*k**5 - 3*k**2 + 0*k + 0. What is the units digit of x(5)?
8
Suppose 4*d = 3*q - 241, -217 = 5*q - 2*d - 642. What is the units digit of q?
7
Let s(i) = 7*i**2 + 13*i - 1. Let p(d) = 6*d**2 + 12*d. Let j(m) = -6*p(m) + 5*s(m). Suppose -k + 15 = -4*k. What is the units digit of j(k)?
5
Let f be 0*((-3)/(-6) + 0). Suppose t - 2 = -t + 2*q, f = -3*q. What is the tens digit of t/(4*(-4)/(-496))?
3
Let z(l) = 6*l**3 - 3*l**2 + 2. Let q be z(1). Suppose 165 = 3*p - 5*a, 3*a + 159 = -2*p + q*p. Let t = p + -22. What is the tens digit of t?
2
Let l be (6/8*4)/((-15)/(-20)). Let g = l + 30. What is the units digit of g?
4
Suppose 0*v - 5*v = 0. Let q(m) = -m**2 - 2*m - 7. Let k be q(v). Let b(a) = -4*a - 10. What is the units digit of b(k)?
8
Let j = -117 + 141. Let w = -2 + 4. Let n = j - w. What is the tens digit of n?
2
Suppose -9*t + 6*t + 441 = 0. What is the tens digit of t - (-4 - -1)*(-3)/3?
4
Let v be ((-6)/4)/3*0. Suppose v = s - 65 - 166. What is the hundreds digit of s?
2
Let p(t) = -t + 1. Let o be p(-1). Suppose -2*c = 3*c - 20. Suppose c*q - 2*z = 122, o*z = -3*q + z + 79. What is the tens digit of q?
2
Let l = -6 + 5. Let a be l/(-4) + 33/(-4). Let n(q) = -q**3 - 9*q**2 - 11*q - 12. What is the units digit of n(a)?
2
Let v(u) = -2*u**3 - 2*u**2 + 3*u + 1. Let x be (-8 + 9)/(-1 + 0). Let l be (5 - x)*(-1)/2. What is the tens digit of v(l)?
2
What is the hundreds digit of 19/(-228) - 20954/(-24)?
8
Suppose 4*j + 7128 = 4*t, 4*t - 3122 = -j + 4006. What is the units digit of t?
2
Let w(l) = l - 2*l - 9*l**3 - 4*l**3 - 5*l**3 + 2. Let b be w(1). What is the tens digit of (3 + -2)*b/(-1)?
1
What is the tens digit of (-1 + 1 + -126)/(27/(-198))?
2
Let y(q) = 12*q**3 - q**2 - q - 1. Suppose 17 - 3 = 7*h. What is the tens digit of y(h)?
8
Suppose 14*i + 2*i - 4784 = 0. What is the tens digit of i?
9
Suppose -31552 = -9*f - 25*f. What is the tens digit of f?
2
Suppose 6*v - 180 = 300. What is the units digit of v?
0
Let d be (-6)/(-4)*(-1 - 1 - 0). What is the units digit of (1/d)/((-7)/21) + 23?
4
Suppose m - 3*k - 112 = k, m = 2*k + 110. Suppose -m = -9*s + 6*s. What is the units digit of s?
6
Suppose -4*w + 10 = w. Suppose -2*c + 18 = 3*j, w*j - c - 2 = c. What is the units digit of (1 + 1)/(-2 + j)?
1
Suppose y = 455 + 21. What is the hundreds digit of y?
4
Let r be -39*1/(-6)*2. Suppose r = -5*o - 4*a + 56, 0 = -o - 4*a - 1. What is the units digit of o?
1
Suppose 2*y = -2*c - 82, -5 = -3*y + 10. Let v = 119 - c. What is the tens digit of v?
6
Suppose -2*j = 3*u + 2*j - 3165, -3*u + 3192 = -5*j. What is the thousands digit of u?
1
Let o(d) = -54*d - 3. Let z(q) = -q**2 - 5*q - 6. Let k be z(-4). Let n be o(k). Suppose -3*m = -8*m + n. What is the units digit of m?
1
Suppose -4*z - 1499 = -r, -4*r - r + 1495 = -4*z. Let b = z + 548. What is the units digit of b?
3
Suppose 4*z = 5*n - 8*n + 5, -4*z - 44 = -4*n. Suppose -4*m + n*m = 6. Suppose -7 - 47 = -m*h. What is the units digit of h?
7
What is the thousands digit of 4132 + (10 - (5 - -7))?
4
Let j be (-4 - -3) + 4 + 0. Suppose j*m - 213 = -5*o, 0 = -m + o - 3*o + 72. Suppose -2*t + m = 8. What is the units digit of t?
9
Let l(h) = 87 - h + 62 - 31. Let i be l(0). Suppose 2*g - i = -3*o, -59 = -g - 3*o + o. What is the tens digit of g?
5
Suppose -48 = 5*q - 523. Let s = q + -52. What is the tens digit of s?
4
Suppose 5*g - 51964 = 2*g - 4*r, 3*r = g - 17304. What is the hundreds digit of (-2)/7 + g/91?
1
Let t(m) = -2*m - 15. Let z be t(-15). Let g = z - 13. Suppose -g*h = -4*b - 34, -5*h + 2*h = -b - 41. What is the units digit of h?
3
Let c = -173 + 980. What is the tens digit of c?
0
Let j(f) = -f**3 - 8*f**2 - 7*f + 8. Let l be j(-7). Suppose -4*k = 2*h + 6, 0 = 3*k - h - 0*h + 17. What is the units digit of ((-31)/k)/(2/l)?
1
Let x(c) = -c + 2. Let o be x(-7). Suppose -q - 4 = -3*j + o, 9 = 2*j - q. What is the units digit of j?
4
Let z = 35 + -32. Let d(a) = a**2 + 4*a - 7. What is the units digit of d(z)?
4
Let z(t) = -t**3 + 19*t**2 + 58*t + 52. What is the units digit of z(-13)?
6
Suppose 3*g + 4*w - 7 = 20, -3*w = -9. Suppose -d + 2*d = 3. Suppose 0 = -g*h - d*z + 5*z + 124, -69 = -3*h + 3*z. What is the units digit of h?
6
Suppose -2*r + 1993 = -3*l, 53*l - 50*l = -r + 983. What is the hundreds digit of r?
9
Let h(s) = 119*s - 24. What is the hundreds digit of h(3)?
3
Let p(m) = m**3 + 6*m**2 - 8*m - 2. Let r be p(-7). Suppose 0 = r*c + 17 + 8. Let q(i) = i**2 - i - 4. What is the tens digit of q(c)?
2
Suppose 3*z - 30 - 6 = -3*r, -3*z + 3*r = -6. What is the units digit of z?
7
Let v(p) = p**2 - 6*p - 15. Let g be v(-3). Suppose g*j = -2*j + 994. What is the units digit of j?
1
Let h = 31 - 21. Let g(a) = 4*a - 10 - a**2 + 0 - 5 + 10*a. What is the tens digit of g(h)?
2
Suppose -6064 = -u - 3*u - 2*w, 3*u - 4548 = 3*w. What is the tens digit of u?
1
Let i(k) = -k**3 + 6*k**2 + 6*k + 1. Suppose 4*q - 37 + 9 = 0. Let h be i(q). What is the tens digit of h/(-2)*(-126)/(-27)?
1
Suppose 16*v - 5447 - 3785 = 0. What is the hundreds digit of v?
5
Let a = 16 + -11. Suppose -3*k = -4*k - a*w - 35, -33 = k + 4*w. What is the units digit of (15/k)/((-1)/10)?
6
Let s = -3 + 5. Suppose -2*m = s*m - 96. What is the units digit of m?
4
Suppose 13*v - 1 = 77. Let r(g) = g**3 - 2*g**2 - 4*g + 14. What is the hundreds digit of r(v)?
1
Let f(b) = b**3 + 8*b**2 - 8*b + 12. Let q be f(-9). Suppose -3*p - 2*p + q*k + 90 = 0, k + 20 = p. Let z = p + 4. What is the units digit of z?
9
Let q(k) = -9*k + 3. Let b be q(1). Let w(u) = 4*u**2 - 5*u + 10. Let m be w(b). Suppose -4 = -4*a + m. What is the tens digit of a?
4
Let w = -240 - -602. What is the units digit of w?
2
Let r(b) = 2*b**3 - 2*b - 13. Let a(u) = -u**3 + 5*u**2 + 13*u + 11. Let t be a(7). What is the hundreds digit of r(t)?
1
Suppose -3*a = -15, -3 = -2*i + 4*i - a. What is the units digit of i?
1
Let h(r) = -22*r**3 - r + 1. Let i be h(-2). Suppose 2*p + 1 = 3, 4*s - 5*p = i. Suppose 0*q + q - s = -2*g, 5*g - 4*q - 102 = 0. What is the units digit of g?
2
Let y = -109 - -20. Let o = 109 + y. What is the units digit of o?
0
Let j = 432 - 250. What is the hundreds digit of j?
1
Let h be 2*(5 + -2 - -1). Let b = 13 - h. Suppose 0 = -4*p + b*p - 22. What is the units digit of p?
2
Let h(n) = -15 - 5 + 2*n + 10. Let d be h(7). What is the units digit of 6/d*(-40)/(-15)?
4
Let x(p) be the third derivative of 13*p**4/3 - p**3/6 - 2*p**2. Let v be x(1). Let f = 164 - v. What is the units digit of f?
1
Let i be (-340)/(-19) + (-8)/(-76). Suppose -5*z + i = 3, -4*u = -5*z - 173. What is the tens digit of u?
4
Suppose -4*s = -5*o + 1341, -5*o - 3*s + 1255 = -58. Let j = o - 167. What is the tens digit of j?
9
Let l(r) = r**3 + 16*r**2 + 13*r - 9. Let m(t) = t**3 + 8*t**2 + 11*t + 13. Let c be m(-7). Let x be l(c). Suppose 2*a + x = 3*a. What is the tens digit of a?
2
Let w = 234 - 177. What is the units digit of w?
7
Let g(v) = 43*v - 5. Let y be g(4). Let d = 502 + -497. Suppose -y = -6*h - d. What is the units digit of h?
7
Suppose g = -11 + 53. What is the tens digit of g?
4
Let u(d) = 2*d**3 - 3*d**2 + 3*d + 3. Suppose -3*y + 2*y + 3*o + 6 = 0, -4*y - 3*o + 9 = 0. Let q be u(y). Suppose 0 = 2*w - 1 - q. What is the tens digit of w?
2
Let a(u) = -36 + 65 + 4*u**2 + 6*u - 35 - u**3 + 0*u**3. Suppose 5 = 2*p - 3. What is the tens digit of a(p)?
1
Let j(y) = 22*y**2 + 23*y - 111. What is the thousands digit of j(1